hat are the prime factors of r(-6)?
2, 11
Suppose 34 - 9 = 5*y. Suppose -y*j + 5*w + 127 = 37, 3*w = j - 16. What are the prime factors of j?
19
Suppose 0 = -4*f - 5 + 57. List the prime factors of f.
13
What are the prime factors of 30/(-18)*(-7 - 2)?
3, 5
Let a be (-1)/(-1 - (-22)/23). Let p = -29 + 14. Let f = a + p. List the prime factors of f.
2
Suppose -42*w - 1372 = -46*w. What are the prime factors of w?
7
Let b be (-10)/4*6/(-5). Suppose 5*z - 69 = p - b*p, -4*z + 56 = 2*p. List the prime factors of z.
13
Let z = 52 + -1. What are the prime factors of z?
3, 17
Suppose 0 = 3*g - 2*g, -4*g = -5*u - 145. Let o = u - -13. List the prime factors of ((-24)/14)/(o/168).
2, 3
Suppose y - 6 = 3*y + 3*p, -3*y - 2*p + 1 = 0. Suppose -o + 2 = -y. Suppose -3*s - 13 = -2*w, -w - 2*s - o + 1 = 0. What are the prime factors of w?
2
Let k(d) = d**2 - 3*d - 5. Let n be k(5). Let v(t) = -t**3 + 4*t**2 + 5*t + 6. List the prime factors of v(n).
2, 3
Let s(p) = 3*p - 1. Let y be s(2). Suppose 0 = -y*a + 2 + 28. What are the prime factors of (-48)/a*10/(-8)?
2, 5
Let l(t) = -t**3 - 8*t**2 - 7*t + 4. Suppose 3*u + 21 + 0 = 0. Let y be l(u). What are the prime factors of 18/(-4)*(y + -6)?
3
Suppose 27 - 6 = -3*j. Let s = -1 + j. List the prime factors of (-1)/(2/s) - -2.
2, 3
List the prime factors of 20 + -3 + 0/2.
17
Let l(j) = 4*j**2 - j - 1. Let g be l(-1). Suppose 3*y = 4*a - y - 96, 4*y - g = 0. What are the prime factors of a?
5
Suppose 2*l - 9 = -23. Let v = 4 + l. What are the prime factors of ((-18)/(-8))/(v/(-8))?
2, 3
Suppose 0 = 3*b - 5*b - 6, 3*c = 3*b. List the prime factors of (c - -2) + -1 + 6.
2
Let i = 9 - 7. Suppose -3*y + i + 7 = 0. What are the prime factors of y?
3
Suppose 0*i + 2*i - 6 = 0. Let p = 4 - i. Let d = 5 - p. What are the prime factors of d?
2
Let h(y) = -y**3 - y**2 - y - 1. Let c(w) = 2*w**3 + 6*w**2 + 2*w + 1. Let v = -2 + 1. Let n(t) = v*c(t) - h(t). What are the prime factors of n(-5)?
5
Suppose 2*z - 6 = 32. Let d = -3 + 6. Suppose d*y = z + 8. List the prime factors of y.
3
Let m be (-2)/10 - 117/15. Let l(h) = -h**3 - 7*h**2 + 8*h - 1. Let u be l(m). What are the prime factors of (-8 + 11)/(0 - u)?
3
Suppose 4*d = 3*y - 19, -3*y + 5*y = -5*d + 5. Let p be (3/(-9))/(d/15). Suppose 6 = -p*h + 41. List the prime factors of h.
7
Let l = 58 - 32. What are the prime factors of l?
2, 13
Let v be (3 + (-10)/3)*-24. Suppose -5*a = -a - v. List the prime factors of a.
2
What are the prime factors of (8/(-12))/(-1)*156?
2, 13
Suppose -2*v + 44 = -4*l, 3*v + 0*l + 4*l = 76. List the prime factors of v.
2, 3
Let o = 1 - -3. Suppose l = 2*l - 46. Suppose -5*k + 6 = -2*a - 38, 0 = o*k + 2*a - l. List the prime factors of k.
2, 5
Let s be 1 + 1 - (-1 - 1). Suppose 0 = s*i + 7 - 31. Suppose -3*d = -4*u - 6, -d - 2*u - i = -4*d. List the prime factors of d.
2
Suppose -19*g = 1412 - 4604. List the prime factors of g.
2, 3, 7
Suppose 4*z = -o + 3*z + 44, 220 = 5*o + z. What are the prime factors of o?
2, 11
Let r(o) = o**2 + o + 63. Let x be r(0). Let i(h) = -2*h + 5. Let n be i(-7). Suppose x = 4*s + n. List the prime factors of s.
11
Let x be 1/((-4)/(-6))*10. Let i = x + -9. Let v = 15 - i. List the prime factors of v.
3
Suppose 0 = -10*j + 145 + 45. List the prime factors of j.
19
Let m(r) = -r + 1. Let y be m(-1). Let i be 1 + 5 + -2 + y. Let o = 14 - i. List the prime factors of o.
2
What are the prime factors of 72 + (2 - 2/1)/(-2)?
2, 3
Let m(l) = -31*l - 1. Suppose 4*k + 2*h + 14 = 0, 5*h + 20 + 5 = 0. List the prime factors of m(k).
2, 3, 5
Let l(t) = -t**2 - 7*t + 4. Let f be l(-9). Let v = f + 29. What are the prime factors of (-1)/(27/v - 2)?
5
Let u(c) = 2*c**2 + 2*c + 1. Let d be u(-1). Let f be d/(-1) - 6/(-6). Suppose -k + 4*y + 1 = 5, f = 5*k + 4*y - 76. List the prime factors of k.
2, 3
Suppose -4*n + 124 = -0*n. Let w(r) = -3*r - 9. Let k be w(-4). Suppose -n + 4 = -k*g + 3*f, -g + 17 = -5*f. What are the prime factors of g?
7
Let p(l) = -l**3 - 4*l**2 - 1. Let m be p(-4). Let a be (16 - 6/2) + m. List the prime factors of a*(-2 - 16/(-6)).
2
Suppose c - 2*c = -17. Suppose -3*v + 4 = -c. What are the prime factors of v?
7
Suppose -4*i = -1 + 17. Let v = i - -41. What are the prime factors of v?
37
Suppose 5*r = 3*p + 82, 3*r + 5*p - 36 = -r. Suppose y = -y + r. What are the prime factors of y?
7
Let o = 154 + -74. What are the prime factors of o?
2, 5
Let y(j) = j**3 - 2*j - 1. Let r be y(-2). Let p(u) = -3*u**2 + 7 + 0 + 2*u**2 - 6*u. What are the prime factors of p(r)?
2, 3
Suppose 11*h + 4016 = 27*h. What are the prime factors of h?
251
Suppose -3*s - 4 + 1 = 0. Let d(m) = -3*m + 1. Let a be d(s). Suppose l - a*p + 1 = -1, 2*l = 5*p + 5. What are the prime factors of l?
2, 5
Let b be 12/78 - 111/(-39). Suppose -8*t + 96 = -4*t. Suppose t - 6 = b*c. List the prime factors of c.
2, 3
Let w be 0/(2/(3 + -2)). Let l be 1*-21*(w + 1). Let f = 36 + l. What are the prime factors of f?
3, 5
Suppose -4*q - 4*f + 100 = 0, q + 0*f + 3*f - 29 = 0. What are the prime factors of q?
23
Suppose 2*r = 2*l, -5*l + r = 2*r - 12. Suppose 18 = -l*q + 54. List the prime factors of q.
2, 3
Suppose -12 - 13 = -j. Suppose 6*a = a + j. What are the prime factors of 456/40 - (-3)/a?
2, 3
Suppose -240 = -3*y - 72. List the prime factors of y.
2, 7
Let j(c) = c**2 + 6*c. List the prime factors of j(8).
2, 7
Let b(v) = v**3 + v**2 - 2*v. Let m(g) = -g**3 - 3*g**2 + g. Let r be m(-2). Let k = r + 8. List the prime factors of b(k).
2
Let w = 23 - -11. List the prime factors of w.
2, 17
What are the prime factors of (-3)/2*4/6 - -117?
2, 29
Let s(o) be the second derivative of o**4/12 + o**3/6 - 2*o**2 - 4*o. What are the prime factors of s(-3)?
2
Let i(l) = 2*l**2 - 23*l - 10. List the prime factors of i(14).
2, 3, 5
Let n(l) = 2*l - 21. Let d(v) = -v + 10. Let g(y) = 13*d(y) + 6*n(y). List the prime factors of g(0).
2
Let u = 2 + -2. Suppose 4*v = -2*r + 3*r + 17, -4*v + 12 = u. Let c = r - -7. List the prime factors of c.
2
What are the prime factors of (36 - -12)*(3 + -2)?
2, 3
Let w(u) = -u**3 + 5*u**2 + 2*u - 6. Suppose -3*j = 2*j - 3*b - 22, 4*j = -b + 21. Let z be w(j). Let p = z - 0. List the prime factors of p.
2
Suppose 0 = -0*s - 4*s + 36. Let c(x) = x**2 - 6*x - 3. Let d be c(7). Suppose 0 = -d*u + 57 - s. List the prime factors of u.
2, 3
Suppose 4*j + 3 + 8 = -3*z, 0 = -3*z - 5*j - 16. Let a(h) = 4*h - 4. List the prime factors of a(z).
2
Let s be 3/(-2)*70/(-21). Suppose s*z - 16 + 1 = 0. What are the prime factors of z?
3
Let h = 68 - 32. Let q = h + -24. List the prime factors of q.
2, 3
Suppose 0 = -h - 4*h + 30. List the prime factors of h.
2, 3
Suppose -25*f + 29*f + 20 = 0. Let d(w) = 6*w**2 - 4*w**2 - 6 - 7*w - 3*w**2. What are the prime factors of d(f)?
2
Suppose -2*k - 1 = -37. Let d = k - 9. List the prime factors of d.
3
Suppose 106 + 89 = -3*z. Let x = z + 104. What are the prime factors of x?
3, 13
Let g(i) = -1. Let r(w) = 16*w + 2. Let z(q) = -4*g(q) - r(q). Let s be z(-3). Suppose 5*f - s = -0*f. What are the prime factors of f?
2, 5
Let k(m) = 7*m**2 + 4*m + 7. List the prime factors of k(-4).
103
Suppose 5*a = 9*a - 16. Suppose -a*x - 4*o = -3*x - 21, 2*x - 2*o - 12 = 0. What are the prime factors of x?
3
Suppose 0 = 5*r - 0*r + 4*c - 221, 0 = -r + 2*c + 33. What are the prime factors of r?
41
Let r(a) = 1. Let m(b) = -b + 5. Let z(h) = m(h) - 2*r(h). Let w be z(0). Suppose -5*i + w*i = -12. What are the prime factors of i?
2, 3
Suppose -54 - 38 = -3*b + l, -l - 30 = -b. Suppose 5*h = -4*f + 17, -b - 5 = -3*f + 4*h. Suppose 3*c - 7 = f. What are the prime factors of c?
5
Let a(w) be the second derivative of w**3/6 + 4*w**2 + w. Let l be a(-8). Suppose 28 = 4*n - l*n. What are the prime factors of n?
7
Let r(w) = -6*w + 17. List the prime factors of r(-8).
5, 13
Let m = 77 + -53. List the prime factors of m.
2, 3
Suppose 0*x - 2*x = -6. Suppose 0 = -x*c - 0*c + 21. What are the prime factors of c?
7
Let b(l) be the third derivative of l**9/60480 + l**6/48 + l**5/30 - 3*l**2. Let s(t) be the third derivative of b(t). What are the prime factors of s(0)?
3, 5
What are the prime factors of -48 - -43 - 1*-347?
2, 3, 19
Let d = 20 + -16. Suppose 5*i - 3*i - 26 = -2*l, -15 = -5*l. Suppose b - 3*u = i, -d*b = -b + 2